3 (base 5) to base 6
-120
What is -3 (base 5) in base 11?
-3
Convert 11 (base 5) to base 9.
6
-5 (base 12) to base 3
-12
What is -15 (base 12) in base 6?
-25
Convert -13 (base 11) to base 9.
-15
1c (base 13) to base 6
41
What is 6c (base 14) in base 13?
75
What is 23 (base 4) in base 15?
b
What is 473 (base 8) in base 13?
1b3
What is 261 (base 7) in base 5?
1031
3 (base 10) to base 13
3
2 (base 8) to base 3
2
What is 186 (base 12) in base 10?
246
Convert 0 (base 2) to base 4.
0
Convert 8 (base 9) to base 16.
8
3 (base 4) to base 6
3
-5 (base 7) to base 9
-5
What is a3 (base 11) in base 14?
81
What is 2 (base 6) in base 14?
2
-27 (base 15) to base 13
-2b
Convert -23 (base 10) to base 6.
-35
Convert -4 (base 15) to base 6.
-4
1 (base 14) to base 16
1
Convert 0 (base 6) to base 12.
0
Convert -3 (base 10) to base 9.
-3
1001100 (base 2) to base 13
5b
What is -177 (base 9) in base 13?
-b8
1110101 (base 2) to base 5
432
-2 (base 3) to base 10
-2
What is 0 (base 8) in base 9?
0
What is -4 (base 16) in base 11?
-4
452 (base 7) to base 13
14c
20 (base 10) to base 9
22
Convert 1202 (base 3) to base 15.
32
-10 (base 4) to base 13
-4
Convert -232 (base 4) to base 12.
-3a
-12 (base 3) to base 6
-5
11 (base 9) to base 3
101
1 (base 12) to base 3
1
What is 2 (base 11) in base 12?
2
What is -3 (base 14) in base 6?
-3
-3 (base 12) to base 3
-10
-13 (base 11) to base 13
-11
Convert 11 (base 14) to base 3.
120
-24 (base 5) to base 3
-112
120 (base 3) to base 13
12
What is -156 (base 7) in base 12?
-76
Convert -11 (base 2) to base 11.
-3
What is 1 (base 4) in base 16?
1
-39 (base 15) to base 16
-36
10 (base 4) to base 6
4
Convert -5 (base 7) to base 2.
-101
1d (base 14) to base 12
23
What is -4 (base 12) in base 11?
-4
Convert -20 (base 3) to base 4.
-12
What is -111 (base 3) in base 4?
-31
What is 11 (base 7) in base 4?
20
What is -17 (base 16) in base 3?
-212
Convert 4 (base 14) to base 15.
4
Convert 73 (base 12) to base 9.
106
What is a5 (base 16) in base 3?
20010
Convert -311 (base 5) to base 11.
-74
Convert 0 (base 9) to base 6.
0
2 (base 3) to base 11
2
Convert -e (base 15) to base 7.
-20
Convert -35 (base 11) to base 13.
-2c
What is 308 (base 9) in base 5?
2001
-10000 (base 2) to base 13
-13
Convert 0 (base 3) to base 11.
0
Convert -1330 (base 6) to base 13.
-204
Convert 34 (base 7) to base 2.
11001
Convert -e4 (base 16) to base 15.
-103
Convert 23 (base 4) to base 15.
b
Convert -1 (base 7) to base 9.
-1
11 (base 5) to base 11
6
Convert 4 (base 6) to base 5.
4
Convert 17 (base 12) to base 7.
25
Convert -19 (base 12) to base 4.
-111
What is -2200 (base 4) in base 2?
-10100000
Convert -1101 (base 2) to base 14.
-d
What is 178 (base 10) in base 16?
b2
22012 (base 3) to base 5
1341
-4 (base 13) to base 4
-10
110 (base 4) to base 6
32
0 (base 7) to base 16
0
What is 640 (base 7) in base 4?
11002
-100001100 (base 2) to base 10
-268
What is 11 (base 2) in base 11?
3
What is -27a (base 12) in base 9?
-464
What is -250 (base 6) in base 5?
-402
-13 (base 8) to base 2
-1011
What is 3 (base 12) in base 4?
3
-6 (base 9) to base 3
-20
What is -1112 (base 3) in base 7?
-56
3 (base 11) to base 6
3
204 (base 5) to base 2
110110
Convert 3 (base 14) to base 16.
3
What is 4 (base 12) in base 6?
4
What is 1 (base 11) in base 5?
1
1000101 (base 2) to base 3
2120
What is -3 (base 8) in base 10?
-3
3 (base 7) to base 11
3
What is -1021 (base 6) in base 4?
-3211
What is b (base 12) in base 2?
1011
14 (base 6) to base 16
a
101 (base 5) to base 4
122
What is -5 (base 6) in base 4?
-11
What is 3 (base 16) in base 6?
3
What is -1 (base 7) in base 12?
-1
Convert -11 (base 13) to base 3.
-112
Convert -9 (base 10) to base 14.
-9
Convert -27 (base 12) to base 4.
-133
7 (base 10) to base 8
7
-7 (base 11) to base 4
-13
What is 5 (base 15) in base 6?
5
Convert -2 (base 16) to base 12.
-2
-4b (base 14) to base 6
-151
What is -7 (base 16) in base 13?
-7
-462 (base 8) to base 3
-102100
Convert 19 (base 14) to base 4.
113
4 (base 15) to base 11
4
Convert 3 (base 14) to base 3.
10
What is -1 (base 4) in base 8?
-1
Convert 6 (base 12) to base 8.
6
1b (base 14) to base 15
1a
What is -110 (base 3) in base 10?
-12
Convert 5d (base 15) to base 4.
1120
-3 (base 13) to base 3
-10
What is -6 (base 11) in base 7?
-6
-323 (base 6) to base 10
-123
1 (base 15) to base 3
1
-1 (base 11) to base 7
-1
-7 (base 16) to base 10
-7
Convert -8 (base 9) to base 15.
-8
What is -241 (base 10) in base 5?
-1431
Convert -25 (base 9) to base 8.
-27
Convert -5 (base 8) to base 7.
-5
-10 (base 14) to base 15
-e
Convert -1 (base 14) to base 8.
-1
What is -1303 (base 4) in base 16?
-73
4 (base 12) to base 9
4
What is -2 (base 5) in base 15?
-2
Convert 35 (base 11) to base 3.
1102
What is 332 (base 4) in base 13?
4a
-99 (base 10) to base 14
-71
Convert 1b (base 13) to base 6.
40
Convert -14 (base 14) to base 10.
-18
Convert 16 (base 7) to base 12.
11
Convert -5 (base 8) to base 6.
-5
Convert 0 (base 6) to base 14.
0
1022 (base 3) to base 6
55
-17a (base 11) to base 4
-3100
What is -1 (base 8) in base 14?
-1
Convert -6 (base 9) to base 16.
-6
What is -5 (base 8) in base 14?
-5
What is 6 (base 15) in base 13?
6
2 (base 4) to base 11
2
3 (base 13) to base 2
11
0 (base 16) to base 13
0
Convert 3a (base 11) to base 13.
34
-a (base 14) to base 12
-a
-133 (base 6) to base 3
-2010
What is -1111 (base 5) in base 9?
-183
Convert 575 (base 8) to base 9.
463
What is 130 (base 5) in base 14?
2c
Convert 155 (base 7) to base 13.
6b
What is 230 (base 5) in base 3?
2102
-6f (base 16) to base 13
-87
Convert 0 (base 10) to base 3.
0
Convert -1a (base 12) to base 10.
-22
12 (base 6) to base 11
8
4 (base 15) to base 3
11
What is 0 (base 3) in base 5?
0
1121 (base 4) to base 9
108
Convert -14 (base 12) to base 15.
-11
221 (base 6) to base 8
125
What is -1 (base 2) in base 3?
-1
Convert 19 (base 13) to base 10.
22
-11 (base 7) to base 16
-8
132 (base 5) to base 4
222
What is 10 (base 3) in base 2?
11
Convert 26 (base 15) to base 2.
100100
Convert 0 (base 15) to base 7.
0
What is 1 (base 11) in base 16?
1
What is 1 (base 12) in base 5?
1
What is -b3 (base 15) in base 11?
-143
3 (base 13) to base 11
3
What is 602 (base 7) in base 9?
358
Convert -37 (base 15) to base 5.
-202
What is 22 (base 15) in base 10?
32
What is -2 (base 15) in base 10?
-2
Convert -101101 (base 2) to base 12.
-39
3 (base 16) to base 13
3
4 (base 9) to base 8
4
Convert 11 (base 6) to base 15.
7
What is 407 (base 9) in base 11?
281
Convert 0 (base 11) to base 15.
0
-4 (base 8) to base 16
-4
-16 (base 8) to base 11
-13
Convert 3 (base 15) to base 12.
3
What is -8 (base 15) in base 8?
-10
Convert -24 (base 5) to base 12.
-12
9 (base 15) to base 4
21
14 (base 16) to base 8
24
What is -3 (base 16) in base 14?
-3
Convert 4 (base 16) to base 6.
4
What is -2 (base 3) in base 5?
-2
Convert -1 (base 4) to base 11.
-1
1 (base 13) to base 12
1
What is 6 (base 12) in base 10?
6
18 (base 12) to base 13
17
What is -11 (base 2) in base 10?
-3
What is 4 (base 8) in base 6?
4
5 (base 15) to base 8
5
1131 (base 5) to base 7
325
-4 (base 15) to base 7
-4
-125 (base 8) to base 12
-71
What is 0 (base 7) in base 6?
0
49 (base 10) to base 3
1211
Convert -231 (base 9) to base 12.
-13a
-2 (base 7) to base 6
-2
Convert 5 (base 11) to base 13.
5
Convert 11002 (base 3) to base 9.
132
Convert 1 (base 7) to base 16.
1
What is 5 (base 8) in base 2?
101
What is 20 (base 3) in base 5?
11
What is -1 (base 4) in base 16?
-1
-2 (base 10) to base 8
-2
What is -2 (base 12) in base 5?
-2
Convert -14 (base 6) to base 13.
-a
Convert 18 (base 13) to base 2.
10101
Convert -211 (base 3) to base 16.
-16
What is -70 (base 9) in base 15?
-43
5 (base 6) to base 12
5
What is 5 (base 15) in base 2?
101
What is -2 (base 3) in base 15?
-2
Convert -9 (base 12) to base 10.
-9
Convert 3 (base 9) to base 13.
3
Convert 25 (base 6) to base 2.
10001
c (base 15) to base 14
c
3a (base 14) to base 15
37
What is -73 (base 8) in base 9?
-65
Convert 59 (base 15) to base 16.
54
Convert be (base 15) to base 14.
cb
What is 22 (base 7) in base 14?
12
-4 (base 16) to base 3
-11
Convert -7 (base 10) to base 15.
-7
Convert 1100100 (base 2) to base 14.
72
Convert 1000 (base 2) to base 16.
8
What is 6 (base 8) in base 9?
6
What is -66 (base 7) in base 